 be p(-10). Suppose -2*j + j + h = 0. What is the tens digit of j?
1
Let n(m) = -2*m - 11. Suppose -4*w + 13 = 37. What is the units digit of n(w)?
1
Let w = -36 + 102. What is the units digit of w?
6
Suppose -70 = 2*l - 7*l. Suppose -g + 6 = 5*f, g - 5*f + 2*f - l = 0. What is the tens digit of g?
1
What is the units digit of (-14)/4*144/(-126)?
4
Let r = 9 + 39. What is the units digit of r?
8
Let r be (-10 + (-6)/3)/(-1). Suppose 2*c = r + 2. What is the units digit of c?
7
Let s(f) = f**3 + f. Let x be s(1). Suppose x*r = -h + 3*r + 21, 0 = 2*r. What is the units digit of h?
1
Let o be 0 + 0 - 3/(-3). What is the tens digit of o*(-3)/3*-28?
2
Suppose 5*z + 21 = v - 0*z, -2*z = -2*v + 2. Let i be -10*(-5)/((-50)/v). Suppose i = 2*x - 18. What is the units digit of x?
1
Suppose 0 = l + 2*l - 9. Suppose 10 = l*p - 5. What is the units digit of p?
5
Let l(w) = -156*w - 2. What is the hundreds digit of l(-1)?
1
Suppose 0 = -0*p - 2*p + 48. Let k = -13 + p. What is the units digit of k?
1
Suppose 2*r - 2 = d, -r + 4*d = -4 - 4. Suppose -v + 11 + 5 = r. What is the tens digit of v?
1
Let s be (-2 - -1)/(1/(-17)). Suppose 5*v + 42 + 18 = 0. Let c = v + s. What is the units digit of c?
5
Let a = -1 - -1. Let f be 1 - 2 - (-7 + 1). Suppose 15 = f*v, -2*o - 2*v + a*v + 18 = 0. What is the units digit of o?
6
Suppose o + 2 = -2*q - 4, -5*q + o = 8. Let p be (48/(-2))/(6/(-4)). What is the units digit of p/4 + (q - -2)?
4
Let o(d) = -4*d**2 - 4*d - 6. Let n(h) = 5*h**2 + 3*h + 5. Let k(t) = -3*n(t) - 4*o(t). Let l be k(-6). Suppose 5 = l*j - 1. What is the units digit of j?
2
Suppose -3*b = -b + 30. What is the units digit of ((-12)/b)/(3/90)?
4
Let x be 26/(-3 - (-8)/2). Suppose -3*o + 3*r = -27, -3*o = r - 5 - x. What is the units digit of o?
0
Let w = 33 - 21. Let l be 2/7 - (-396)/(-63). Let v = l + w. What is the units digit of v?
6
Let s(h) be the third derivative of h**5/20 + h**4/8 + h**3/3 - 2*h**2. What is the units digit of s(-2)?
8
Let f(x) = 2*x**2 - 2. What is the units digit of f(5)?
8
Let a(y) = 2*y + 20. Let f(b) = b + 10. Let h(u) = 2*a(u) - 5*f(u). What is the units digit of h(-11)?
1
Let w be 9*1*36/(-27). What is the units digit of 118/6 - (-8)/w?
9
Let h = -7 - -65. What is the units digit of h?
8
Suppose 5 = -7*c + 8*c. What is the units digit of c?
5
Suppose -4*k = 0, -3*k - 2 = -o + k. Suppose i = -2*x + 4*i + 55, -x = o*i - 10. Suppose -3*m + x = -m. What is the tens digit of m?
1
Suppose 10*x = 5*x + 5. What is the units digit of x?
1
Suppose 0 = -v - 5 + 15. What is the tens digit of 1/(-3)*v*-3?
1
Let i be 3/(-7) + (-1140)/35. Suppose 0 = r + 2*r - 138. Let x = i + r. What is the tens digit of x?
1
Let y(c) be the first derivative of -c**3/3 - 11*c**2/2 - 6*c - 2. Let f be y(-10). What is the units digit of f/(-14) - 32/(-14)?
2
Suppose 2*d - 2*v = -2*d + 76, -4*d + v + 74 = 0. Suppose 0*a = -u + a + d, -5*u - 4*a = -63. Let m = -9 + u. What is the units digit of m?
6
Let w(j) = 22*j + 10. Let t(i) = 7*i + 3. Let a(k) = -16*t(k) + 5*w(k). Let y = -10 - -8. What is the units digit of a(y)?
6
Let r = 0 - -6. What is the units digit of (12/r)/(2/13)?
3
Let v(z) = -7*z**3 - 4*z**2 - 3*z - 2. Let f be v(-2). Let r = -25 + f. What is the units digit of r?
9
Suppose 8*h - 3*h = -2*l + 459, -5*l = -h - 1134. What is the units digit of l?
7
Let n(a) = -4*a + 4. What is the tens digit of n(-5)?
2
Let f(o) = 4 - 2 - 7*o - 3*o**2 + 2*o**2 + 5. Let u be (-61)/9 + (-4)/18. What is the units digit of f(u)?
7
Suppose 0 = -6*i + 3*i + 9. Suppose 125 = 4*n - 5*f, -8*n + i*n + f = -172. What is the tens digit of n?
3
Let c be (-24)/(-5) - (-1)/5. Suppose 6*w = -4*d + w + 41, 0 = c*d - 3*w - 42. What is the units digit of d?
9
Let q(r) = -r**2 + 11*r - 12. Let u(b) be the second derivative of b**5/20 + b**4/2 + 7*b**3/6 + 2*b**2 + 2*b. Let d be u(-4). What is the tens digit of q(d)?
1
Suppose -3*c - 4*g + 24 = 2*c, -c + 2*g + 2 = 0. Suppose -7*k + c*k = -18. What is the units digit of k?
6
Let a = 122 + 35. What is the tens digit of a?
5
Let t(i) = -i**3 + 3*i**2 + 6*i - 4. Let x be t(4). Suppose 2*w = x*w - 6. Suppose -v + w*v - 10 = 0. What is the units digit of v?
5
Let b(m) = 2*m**2 + m**2 + 0 - m**3 + 5*m + 1. Let l be 2*(8/2 - 2). What is the units digit of b(l)?
5
Let k be -1 - (1 - -1)/2. Let v(w) = -4*w + 2. Let l(y) = -y**2 + 9*y - 4. Let s(t) = -2*l(t) - 5*v(t). What is the units digit of s(k)?
2
Let v(f) = f**2 - 5*f - 5. Let x be v(6). Let t(s) = -2*s + 2*s**2 + 4 + 0*s**2 - 3. What is the units digit of t(x)?
1
Let k be (2 + 30/(-9))*-6. What is the units digit of k*2/(-6)*-3?
8
Let t(n) = -n**2 + 9*n - 6. Let p = 29 - 5. Let z = -16 + p. What is the units digit of t(z)?
2
What is the units digit of ((-76)/(-10) - -2)/(2/15)?
2
Suppose -f = -3*g + 2*f + 21, 3*f = -4*g. Let h be 0*(g/9 + 0). Suppose -3*o = 3*w - w - 48, h = o + 2*w - 20. What is the units digit of o?
4
Let r = 17 - -13. Suppose -2*t + 13 = -a, 0*t + r = 4*t + 2*a. What is the units digit of t?
7
Let r = 7 + -8. What is the units digit of ((-6)/10)/(r/10)?
6
Let h = 503 + -253. What is the units digit of h?
0
Let m(s) = s**3 + 7*s**2 + 6*s + 1. Let f = 3 + -1. Suppose -f = 2*d + 10. What is the units digit of m(d)?
1
What is the units digit of ((-79)/2)/((-17)/34)?
9
Let o(k) = -k**2 + 6*k. Let q be o(6). What is the tens digit of -2 + (1*30 - q)?
2
Suppose -448 + 72 = -4*w. What is the units digit of w?
4
Let u(x) = -x**2 + x + 1. Let h(i) = -7*i**2 + 6*i + 1. Let y(n) = -h(n) + 6*u(n). Let r be y(0). Let p = r + 4. What is the units digit of p?
9
Suppose 2*c = 6 + 16. Let d = c - 1. Suppose 2*s = -2*x + d, -s - 4*x - 3 = 7. What is the units digit of s?
0
Suppose -3*d + 6*d + 39 = 0. Let j = 6 - d. What is the units digit of j?
9
Suppose 4 + 9 = d. What is the tens digit of d?
1
Let d(j) = 19*j**3 + j**2 - 2*j + 2. What is the tens digit of d(1)?
2
Let w = -2 + 0. What is the units digit of (w - (-9)/(-6))*-6?
1
Suppose 5*z + 6*n = 3*n + 101, -5*z + 125 = -5*n. What is the units digit of z?
2
Let z(n) = 5*n - 1. Let w be z(4). Suppose 16 = 5*s - w. Let t(u) = -u + 8. What is the units digit of t(s)?
1
Suppose -2*h = 3*m - 22, -h = 2*h + m - 47. Suppose 5*w = 8 + h. What is the units digit of w?
5
Let k = 19 - 19. Let y(x) = x**2 - x + 20. What is the units digit of y(k)?
0
Let d be (-10)/(-25) + 23/5. Suppose -2 = 5*a - 4*x, -a - 3 = d*x - 20. Suppose -a*f - 2*f = -3*z - 1, -3*z + 11 = -f. What is the units digit of f?
4
Suppose 3*f - 2*f = 0. Let r be (f - -1)/(2/6). Suppose r*z = 3*m + 30, 5*z - 3*m - 56 = -4*m. What is the units digit of z?
1
Let q = -26 + 35. What is the units digit of q?
9
Let x be 3/9*24/4. Suppose 5 = -f - 3*h, -2*h - x*h = 2*f + 2. What is the units digit of f?
7
Let d = -410 + 690. What is the tens digit of d?
8
Suppose i - 5*p - 15 = 0, -2*i + 6*i + 15 = -5*p. Suppose i = 2*k - 5 - 7. What is the units digit of (-3)/k + (-9)/(-2)?
4
Let o(z) = -2*z + 1. Let h be o(-3). Let m = -11 - -11. Let w = h + m. What is the units digit of w?
7
Let f be (-8)/(-36) + (-56)/9. Let p = f + 3. Let s = p + 9. What is the units digit of s?
6
Suppose -4*f = 3*r - 25, -5*f + 54 - 19 = 5*r. Suppose -5*j = -r*v + 10, -2*v = 2*v + 2*j - 48. What is the units digit of v?
0
Suppose -6 = 2*g + 20. Let q = g - -21. What is the tens digit of (60/(-16))/((-3)/q)?
1
Let o be 4*(-1)/(-6)*117. Suppose 2*m - 4*t - 52 = 0, m + o = 4*m - 4*t. What is the tens digit of m?
2
Let y = -1 - 6. Let x(d) = -3*d + 2. What is the tens digit of x(y)?
2
Let s = -1 + -6. Let g be -2 - (-2 - (-32)/(-2)). Let o = g + s. What is the units digit of o?
9
Let f = 18 - 25. Suppose -5*q - 3*p = -4*p + 81, -3*q - 53 = -5*p. Let u = f - q. What is the units digit of u?
9
Suppose -4*s - 3*s = -959. What is the tens digit of s?
3
Let z = 4 + 0. Suppose -2*k - 20 = -z*k. What is the units digit of k?
0
Let f(u) = 3*u - 72. What is the units digit of f(26)?
6
What is the units digit of -2*(-6)/48 - (-99)/4?
5
Suppose 0 = 2*p + 8*j - 3*j + 8, 2*j = -2*p - 8. Let r(w) = w + 7. Let i be r(p). What is the units digit of -1*(0 - i*2)?
6
Suppose 0 = t + 3*r - r + 7, -5*t - 5*r = 15. Let w = t - -1. Suppose -29 = -4*j - f - 0*f, -3*j + 19 = -w*f. What is the units digit of j?
7
Let q(y) = -13*y. W